{"id":39724,"date":"2025-03-12T12:49:11","date_gmt":"2025-03-12T11:49:11","guid":{"rendered":"https:\/\/zshorodlo.pl\/?page_id=39724"},"modified":"2025-09-08T11:30:59","modified_gmt":"2025-09-08T09:30:59","slug":"stolowka-szkolna","status":"publish","type":"page","link":"https:\/\/zshorodlo.pl\/?page_id=39724","title":{"rendered":"Sto\u0142\u00f3wka szkolna"},"content":{"rendered":"<p style=\"text-align: center;\"><strong><span style=\"font-family: verdana, geneva, sans-serif;\">GODZINY WYDAWANIA OBIAD\u00d3W<\/span><\/strong><\/p>\n<p><span style=\"font-family: verdana, geneva, sans-serif;\"><strong>Obiad jest wydawany: od godz. 11.15 \u2013 12.30<\/strong><\/span><\/p>\n<ul>\n<li><span style=\"font-family: verdana, geneva, sans-serif;\"><strong>11:15- <\/strong>obiad dla klas I-III<\/span><\/li>\n<li><span style=\"font-family: verdana, geneva, sans-serif;\"><strong>11:40- <\/strong>obiad dla dzieci z oddzia\u0142\u00f3w przedszkolnych<\/span><\/li>\n<li><span style=\"font-family: verdana, geneva, sans-serif;\"><strong>12:10- <\/strong>obiad dla pozosta\u0142ych uczni\u00f3w<\/span><\/li>\n<li style=\"text-align: justify;\"><span style=\"font-family: verdana, geneva, sans-serif;\"><strong>12:30- 14:00 <\/strong>obiad dla uczni\u00f3w uczestnicz\u0105cych w danym dniu w zawodach, konkursach itp.<\/span><\/li>\n<\/ul>\n<p>&nbsp;<\/p>\n<p style=\"text-align: center;\"><span style=\"font-family: verdana, geneva, sans-serif;\"><strong>REGULAMIN STO\u0141\u00d3WKI SZKOLNEJ<\/strong><\/span><\/p>\n<p style=\"text-align: center;\"><span style=\"font-family: verdana, geneva, sans-serif;\"><strong>DZIA\u0141AJ\u0104CEJ PRZY SZKOLE PODSTAWOWEJ<\/strong><\/span><\/p>\n<p style=\"text-align: center;\"><span style=\"font-family: verdana, geneva, sans-serif;\"><strong> KR\u00d3LA W\u0141ADYS\u0141AWA JAGIE\u0141\u0141Y<\/strong><\/span><\/p>\n<p style=\"text-align: center;\"><span style=\"font-family: verdana, geneva, sans-serif;\"><strong>W HORODLE<\/strong><\/span><\/p>\n<ol>\n<li style=\"text-align: justify;\"><span style=\"font-family: verdana, geneva, sans-serif;\">Ze Sto\u0142\u00f3wki Szkolnej mog\u0105 korzysta\u0107 uczniowie, nauczyciele i inni pracownicy szko\u0142y<\/span><\/li>\n<li style=\"text-align: justify;\"><span style=\"font-family: verdana, geneva, sans-serif;\">Koszt jednego obiadu wynosi:<\/span><br \/>\n<span style=\"font-family: verdana, geneva, sans-serif;\">Dla uczni\u00f3w 6,00 z\u0142. (do op\u0142aty nie wlicza si\u0119 wynagrodze\u0144 pracownika)<\/span><br \/>\n<span style=\"font-family: verdana, geneva, sans-serif;\">Dla nauczycieli i innych pracownik\u00f3w 9,00 z\u0142.<\/span><br \/>\n<span style=\"font-family: verdana, geneva, sans-serif;\">Dla oddzia\u0142\u00f3w przedszkolnych obiad 4,00 z\u0142. \u015aniadanie 2,00 z\u0142.<br \/>\n<\/span><\/li>\n<\/ol>\n<ol style=\"text-align: justify;\" start=\"3\">\n<li><span style=\"font-family: verdana, geneva, sans-serif;\">Odp\u0142atno\u015b\u0107 za obiady pobierana jest za ca\u0142y miesi\u0105c do 5 dnia ka\u017cdego miesi\u0105ca.<\/span><\/li>\n<li><span style=\"font-family: verdana, geneva, sans-serif;\">Op\u00f3\u017anienie w uiszczeniu op\u0142aty powy\u017cej 5 dni b\u0119dzie rozumiane jako rezygnacja z obiad\u00f3w i spowoduje skre\u015blenie z listy \u017cywionych.<\/span><\/li>\n<li><span style=\"font-family: verdana, geneva, sans-serif;\">Nieobecno\u015b\u0107 grupy dzieci na obiedzie spowodowan\u0105 wyjazdem na wycieczk\u0119 nale\u017cy zg\u0142asza\u0107 3dni przed planowanym terminem wyjazdu.<\/span><\/li>\n<li><span style=\"font-family: verdana, geneva, sans-serif;\">Nieobecno\u015b\u0107 na obiedzie spowodowan\u0105 np.. chorob\u0105 nale\u017cy zg\u0142asza\u0107 na bie\u017c\u0105co (do godz. 8.00) w biurze sto\u0142\u00f3wki szkolnej. Mo\u017cna to uczyni\u0107 telefonicznie (84 65-15-459).<br \/>\nZg\u0142oszenia dokonane w p\u00f3\u017aniejszych godzinach b\u0119d\u0105 uwzgl\u0119dniane od nast\u0119pnego dnia.<\/span><\/li>\n<\/ol>\n<ol style=\"text-align: justify;\" start=\"7\">\n<li><span style=\"font-family: verdana, geneva, sans-serif;\">Nieuzasadniona lub nie zg\u0142oszona nieobecno\u015b\u0107 ucznia na posi\u0142ku nie podlega zwrotowi<\/span><\/li>\n<li><span style=\"font-family: verdana, geneva, sans-serif;\">Rezygnacj\u0119 z obiad\u00f3w zg\u0142asza si\u0119 do intendenta sto\u0142\u00f3wki<\/span><\/li>\n<li><span style=\"font-family: verdana, geneva, sans-serif;\">Rezygnacja z obiad\u00f3w jest po uprzednim zg\u0142oszeniu i uregulowaniu odp\u0142atno\u015bci do dnia rezygnacji<\/span><\/li>\n<\/ol>\n<ol style=\"text-align: justify;\" start=\"10\">\n<li><span style=\"font-family: verdana, geneva, sans-serif;\">Cen\u0119 obiadu dla pracownik\u00f3w szko\u0142y ustala si\u0119 w wysoko\u015bci koszt\u00f3w sporz\u0105dzenia obiadu. Kalkulacji cenowej dokonuje si\u0119 raz w roku, przed rozpocz\u0119ciem roku szkolnego, na podstawie \u015bredniego kosztu wytworzenia obiadu w poprzedzaj\u0105cym roku szkolnym.<\/span><\/li>\n<li><span style=\"font-family: verdana, geneva, sans-serif;\">Korzystaj\u0105cy ze sto\u0142\u00f3wki szkolnej ponosz\u0105 koszty surowca, ustalone na podstawie oblicze\u0144 dokonanych w danej plac\u00f3wce, po uwzgl\u0119dnieniu cen rynkowych produkt\u00f3w oraz liczby sto\u0142uj\u0105cych si\u0119.<\/span><\/li>\n<li><span style=\"font-family: verdana, geneva, sans-serif;\">Koszt tzw. wsadu do kot\u0142a ustala dyrektor na bie\u017c\u0105co.<\/span><\/li>\n<li><span style=\"font-family: verdana, geneva, sans-serif;\">Jad\u0142ospis sporz\u0105dzony w rytmie dekadowym jest wywieszony na tablicy og\u0142osze\u0144.<\/span><\/li>\n<\/ol>\n<p style=\"text-align: justify;\"><span style=\"font-family: verdana, geneva, sans-serif;\"><u><strong>Gramatury:<\/strong><\/u><\/span><\/p>\n<p style=\"text-align: justify;\"><span style=\"font-family: verdana, geneva, sans-serif;\">Porcja mi\u0119sa 90g- 110g<br \/>\n<\/span><span style=\"font-family: verdana, geneva, sans-serif;\">Porcja zupy dowolnie ok. 300g (zupa podawana jest w wazach)<br \/>\n<\/span><span style=\"font-family: verdana, geneva, sans-serif;\">Porcja dodatku skrobiowego 120g -150 g<br \/>\n<\/span><span style=\"font-family: verdana, geneva, sans-serif;\">Porcja sur\u00f3wki lub warzyw gotowanych 120g- 150 g<br \/>\n<\/span><span style=\"font-family: verdana, geneva, sans-serif;\">Porcja pierog\u00f3w\/ klusek 170g- 200g<br \/>\n<\/span><span style=\"font-family: verdana, geneva, sans-serif;\">Kompot \/Herbata 250 ml<\/span><\/p>\n<ol style=\"text-align: justify;\" start=\"14\">\n<li><span style=\"font-family: verdana, geneva, sans-serif;\">Obiad jest wydawany: od godz. 11.15 \u2013 12.30<\/span><\/li>\n<\/ol>\n<p style=\"text-align: justify;\"><span style=\"font-family: verdana, geneva, sans-serif;\"><strong>11:15- obiad dla klas I-III<br \/>\n<\/strong><\/span><span style=\"font-family: verdana, geneva, sans-serif;\"><strong>11:40- obiad dla dzieci z oddzia\u0142\u00f3w przedszkolnych<br \/>\n<\/strong><\/span><span style=\"font-family: verdana, geneva, sans-serif;\"><strong>12:10- obiad dla pozosta\u0142ych uczni\u00f3w<br \/>\n<\/strong><\/span><span style=\"font-family: verdana, geneva, sans-serif;\"><strong>12:30- 14:00 obiad dla uczni\u00f3w uczestnicz\u0105cych w danym dniu w zawodach, konkursach itp.<\/strong><\/span><\/p>\n<ol style=\"text-align: justify;\" start=\"15\">\n<li><span style=\"font-family: verdana, geneva, sans-serif;\">Za szkody materialne spowodowane umy\u015blnie przez dzieci odpowiadaj\u0105 finansowo rodzice.<\/span><\/li>\n<li><span style=\"font-family: verdana, geneva, sans-serif;\">Niew\u0142a\u015bciwe zachowanie podczas posi\u0142k\u00f3w, niszczenie mienia i \u017cywno\u015bci mo\u017ce spowodowa\u0107 skre\u015blenie z listy \u017cywionych.<\/span><\/li>\n<li><span style=\"font-family: verdana, geneva, sans-serif;\">Ka\u017cdy ucze\u0144 zobowi\u0105zany jest do kulturalnego zachowania i spo\u017cywania posi\u0142k\u00f3w oraz utrzymania porz\u0105dku i odnoszenia po sobie naczy\u0144.<\/span><\/li>\n<li><span style=\"font-family: verdana, geneva, sans-serif;\">Wszystkie osoby korzystaj\u0105ce z obiad\u00f3w oraz rodzice mog\u0105 zg\u0142asza\u0107 swoje uwagi do intendentki w godzinach jej pracy.<\/span><\/li>\n<li><span style=\"font-family: verdana, geneva, sans-serif;\">Wszystkich korzystaj\u0105cych z wy\u017cywienia w sto\u0142\u00f3wce obowi\u0105zuje:<br \/>\nZachowanie ciszy podczas spo\u017cywania posi\u0142k\u00f3w<br \/>\nKulturalne zachowanie si\u0119 przy stole<br \/>\nPozostawienie po sobie po spo\u017cyciu obiadu nale\u017cytego porz\u0105dku i \u0142adu<br \/>\nW sto\u0142\u00f3wce obowi\u0105zuje samoobs\u0142uga: posi\u0142ki i naczynia przynoszone s\u0105 i odnoszone samodzielnie do okienek zdawczo-odbiorczych.<\/span><\/li>\n<\/ol>\n<p><span style=\"font-family: verdana, geneva, sans-serif;\"><strong>Zabrania si\u0119 w sto\u0142\u00f3wce szkolnej<\/strong>:<br \/>\n<\/span><span style=\"font-family: verdana, geneva, sans-serif;\">Pobytu os\u00f3b nieuprawnionych, w tym rodzic\u00f3w i prawnych opiekun\u00f3w dzieci,<br \/>\n<\/span><span style=\"font-family: verdana, geneva, sans-serif;\">Biegania i zachowa\u0144 zagra\u017caj\u0105cych bezpiecze\u0144stwu innych u\u017cytkownik\u00f3w sto\u0142\u00f3wki<\/span><\/p>\n<ol start=\"20\">\n<li style=\"text-align: justify;\"><span style=\"font-family: verdana, geneva, sans-serif;\">Wszystkim korzystaj\u0105cym z wy\u017cywienia, poza osobami uprawnionymi (sekretarz szko\u0142y, dyrektor) wst\u0119p do kuchni jest wzbroniony.<\/span><\/li>\n<li style=\"text-align: justify;\"><span style=\"font-family: verdana, geneva, sans-serif;\">Czynno\u015bci poszczeg\u00f3lnych stanowisk pracy reguluje przydzia\u0142 zada\u0144 i czynno\u015bci poszczeg\u00f3lnych pracownik\u00f3w.<\/span><\/li>\n<li style=\"text-align: justify;\"><span style=\"font-family: verdana, geneva, sans-serif;\">Wszystkich pracownik\u00f3w obowi\u0105zuje przestrzeganie zasad BHP, p. po\u017c., stanowisk dobrej praktyki higienicznej (GHP) oraz instrukcji dobrej praktyki produkcyjnej (GMP).<\/span><\/li>\n<li style=\"text-align: justify;\"><span style=\"font-family: verdana, geneva, sans-serif;\">Dyrektor ma prawo kontrolowania jako\u015bci wydawanych posi\u0142k\u00f3w.<\/span><\/li>\n<li style=\"text-align: justify;\"><span style=\"font-family: verdana, geneva, sans-serif;\">Wszelkie zmiany w niniejszym regulaminie dokonuje dyrektor w postaci pisemnego aneksu.<\/span><\/li>\n<li style=\"text-align: justify;\"><span style=\"font-family: verdana, geneva, sans-serif;\">Regulamin wchodzi w \u017cycie 01.09.2019r.<\/span><\/li>\n<\/ol>\n","protected":false},"excerpt":{"rendered":"<p>GODZINY WYDAWANIA OBIAD\u00d3W Obiad jest wydawany: od godz. 11.15 \u2013 12.30 11:15- obiad dla klas I-III 11:40- obiad dla dzieci z oddzia\u0142\u00f3w przedszkolnych 12:10- obiad dla pozosta\u0142ych uczni\u00f3w 12:30- 14:00 obiad dla uczni\u00f3w uczestnicz\u0105cych w danym dniu w zawodach, konkursach &hellip; <a href=\"https:\/\/zshorodlo.pl\/?page_id=39724\">Czytaj dalej <span class=\"meta-nav\">&rarr;<\/span><\/a><\/p>\n","protected":false},"author":3,"featured_media":0,"parent":0,"menu_order":16,"comment_status":"closed","ping_status":"closed","template":"","meta":{"ngg_post_thumbnail":0,"footnotes":""},"_links":{"self":[{"href":"https:\/\/zshorodlo.pl\/index.php?rest_route=\/wp\/v2\/pages\/39724"}],"collection":[{"href":"https:\/\/zshorodlo.pl\/index.php?rest_route=\/wp\/v2\/pages"}],"about":[{"href":"https:\/\/zshorodlo.pl\/index.php?rest_route=\/wp\/v2\/types\/page"}],"author":[{"embeddable":true,"href":"https:\/\/zshorodlo.pl\/index.php?rest_route=\/wp\/v2\/users\/3"}],"replies":[{"embeddable":true,"href":"https:\/\/zshorodlo.pl\/index.php?rest_route=%2Fwp%2Fv2%2Fcomments&post=39724"}],"version-history":[{"count":4,"href":"https:\/\/zshorodlo.pl\/index.php?rest_route=\/wp\/v2\/pages\/39724\/revisions"}],"predecessor-version":[{"id":40289,"href":"https:\/\/zshorodlo.pl\/index.php?rest_route=\/wp\/v2\/pages\/39724\/revisions\/40289"}],"wp:attachment":[{"href":"https:\/\/zshorodlo.pl\/index.php?rest_route=%2Fwp%2Fv2%2Fmedia&parent=39724"}],"curies":[{"name":"wp","href":"https:\/\/api.w.org\/{rel}","templated":true}]}}