{"id":33191,"date":"2019-07-10T16:41:16","date_gmt":"2019-07-10T14:41:16","guid":{"rendered":"http:\/\/zshorodlo.pl\/?page_id=33191"},"modified":"2024-03-26T09:12:38","modified_gmt":"2024-03-26T08:12:38","slug":"zestaw-podrecznikow","status":"publish","type":"page","link":"https:\/\/zshorodlo.pl\/?page_id=33191","title":{"rendered":"Zestaw Podr\u0119cznik\u00f3w"},"content":{"rendered":"<p><a href=\"http:\/\/zshorodlo.pl\/?page_id=644\">Zestaw podr\u0119cznik\u00f3w do szko\u0142y podstawowej<\/a><\/p>\n<p><a href=\"http:\/\/zshorodlo.pl\/?page_id=648\">Zestaw podr\u0119cznik\u00f3w do liceum<\/a><\/p>\n<p>&nbsp;<\/p>\n","protected":false},"excerpt":{"rendered":"<p>Zestaw podr\u0119cznik\u00f3w do szko\u0142y podstawowej Zestaw podr\u0119cznik\u00f3w do liceum &nbsp;<\/p>\n","protected":false},"author":3,"featured_media":0,"parent":0,"menu_order":6,"comment_status":"closed","ping_status":"closed","template":"","meta":{"ngg_post_thumbnail":0,"footnotes":""},"_links":{"self":[{"href":"https:\/\/zshorodlo.pl\/index.php?rest_route=\/wp\/v2\/pages\/33191"}],"collection":[{"href":"https:\/\/zshorodlo.pl\/index.php?rest_route=\/wp\/v2\/pages"}],"about":[{"href":"https:\/\/zshorodlo.pl\/index.php?rest_route=\/wp\/v2\/types\/page"}],"author":[{"embeddable":true,"href":"https:\/\/zshorodlo.pl\/index.php?rest_route=\/wp\/v2\/users\/3"}],"replies":[{"embeddable":true,"href":"https:\/\/zshorodlo.pl\/index.php?rest_route=%2Fwp%2Fv2%2Fcomments&post=33191"}],"version-history":[{"count":6,"href":"https:\/\/zshorodlo.pl\/index.php?rest_route=\/wp\/v2\/pages\/33191\/revisions"}],"predecessor-version":[{"id":33199,"href":"https:\/\/zshorodlo.pl\/index.php?rest_route=\/wp\/v2\/pages\/33191\/revisions\/33199"}],"wp:attachment":[{"href":"https:\/\/zshorodlo.pl\/index.php?rest_route=%2Fwp%2Fv2%2Fmedia&parent=33191"}],"curies":[{"name":"wp","href":"https:\/\/api.w.org\/{rel}","templated":true}]}}