{"id":31989,"date":"2018-10-18T19:57:56","date_gmt":"2018-10-18T17:57:56","guid":{"rendered":"http:\/\/zshorodlo.pl\/?page_id=31989"},"modified":"2024-10-21T13:03:49","modified_gmt":"2024-10-21T11:03:49","slug":"rodo","status":"publish","type":"page","link":"https:\/\/zshorodlo.pl\/?page_id=31989","title":{"rendered":"RODO"},"content":{"rendered":"<p style=\"text-align: center;\"><span style=\"font-size: 18pt; font-family: verdana, geneva, sans-serif;\"><strong>KLAUZULA INFORMACYJNA<\/strong><\/span><\/p>\n<p style=\"text-align: justify;\"><span style=\"font-family: verdana, geneva, sans-serif;\">Na&nbsp; podstawie&nbsp; art.&nbsp; 13&nbsp; Rozporz\u0105dzenia Parlamentu Europejskiego i Rady (UE) 2016\/679 z&nbsp; dnia&nbsp;&nbsp; 27&nbsp;&nbsp; kwietnia &nbsp; 2016&nbsp; r. w &nbsp; sprawie&nbsp;&nbsp; ochrony&nbsp; &nbsp; os\u00f3b&nbsp; fizycznych &nbsp;&nbsp; w &nbsp;&nbsp; zwi\u0105zku &nbsp; z przetwarzaniem danych osobowych i w sprawie swobodnego przep\u0142ywu takich danych oraz uchylenia dyrektywy 95\/46\/WE (og\u00f3lne rozporz\u0105dzenie o ochronie danych), publ. Dz. Urz. UE L Nr 119, s. 1 informujemy, i\u017c:<\/span><\/p>\n<ol>\n<li style=\"text-align: justify;\"><span style=\"font-family: verdana, geneva, sans-serif;\">Administratorem Pani\/Pana danych osobowych jest Zesp\u00f3\u0142 Szk\u00f3\u0142 w Horodle, (adres: ul. Pi\u0142sudskiego 58, 22-523 Horod\u0142o tel. 84&nbsp;651 53 31, adres e-mail: sphorodlo@interia.pl).<\/span><\/li>\n<li style=\"text-align: justify;\"><span style=\"font-family: verdana, geneva, sans-serif;\">W sprawach z zakresu ochrony danych osobowych mog\u0105 Pa\u0144stwo kontaktowa\u0107 si\u0119 z Inspektorem Ochrony Danych pod adresem e-mail: <a href=\"mailto:inspektor@cbi24.pl\">sphorodlo@interia.pl<\/a>.<\/span><\/li>\n<li style=\"text-align: justify;\"><span style=\"font-family: verdana, geneva, sans-serif;\">Dane osobowe b\u0119d\u0105 przetwarzane w celu realizacji obowi\u0105zk\u00f3w prawnych ci\u0105\u017c\u0105cych na Administratorze.<\/span><\/li>\n<li style=\"text-align: justify;\"><span style=\"font-family: verdana, geneva, sans-serif;\">Dane&nbsp; osobowe&nbsp; b\u0119d\u0105&nbsp; przetwarzane&nbsp; przez okres niezb\u0119dny do realizacji ww. celu z uwzgl\u0119dnieniem okres\u00f3w przechowywania okre\u015blonych w przepisach odr\u0119bnych, w tym przepis\u00f3w archiwalnych.<\/span><\/li>\n<li style=\"text-align: justify;\"><span style=\"font-family: verdana, geneva, sans-serif;\">Podstaw\u0105 prawn\u0105 przetwarzania danych jest art. 6 ust. 1 lit. c) ww. Rozporz\u0105dzenia.<\/span><\/li>\n<li style=\"text-align: justify;\"><span style=\"font-family: verdana, geneva, sans-serif;\">Odbiorcami Pani\/Pana danych b\u0119d\u0105 podmioty, kt\u00f3re na podstawie zawartych um\u00f3w przetwarzaj\u0105 dane osobowe w imieniu Administratora.<\/span><\/li>\n<li><span style=\"font-family: verdana, geneva, sans-serif;\">Osoba, kt\u00f3rej dane dotycz\u0105 ma prawo do:<\/span><\/li>\n<\/ol>\n<p style=\"text-align: justify;\"><span style=\"font-family: verdana, geneva, sans-serif;\">&nbsp;&#8211; dost\u0119pu do tre\u015bci swoich danych oraz mo\u017cliwo\u015bci ich poprawiania, sprostowania, ograniczenia przetwarzania, a tak\u017ce &#8211; w przypadkach przewidzianych prawem &#8211; prawo do usuni\u0119cia danych i prawo do wniesienia sprzeciwu wobec przetwarzania Pa\u0144stwa danych.<\/span><br \/>\n<span style=\"font-family: verdana, geneva, sans-serif;\">&#8211; wniesienia skargi do organu nadzorczego w przypadku gdy przetwarzanie danych odbywa si\u0119 z naruszeniem przepis\u00f3w powy\u017cszego rozporz\u0105dzenia tj. Prezesa Ochrony Danych Osobowych, ul. Stawki 2, 00-193 Warszawa.<\/span><\/p>\n<p style=\"text-align: justify;\"><span style=\"font-family: verdana, geneva, sans-serif;\">Ponadto informujemy, i\u017c w zwi\u0105zku z przetwarzaniem Pani\/Pana danych osobowych nie podlega Pan\/Pani decyzjom, kt\u00f3re si\u0119 opieraj\u0105 wy\u0142\u0105cznie na zautomatyzowanym przetwarzaniu,&nbsp; w&nbsp; tym&nbsp; profilowaniu,&nbsp; o&nbsp; czym&nbsp; stanowi&nbsp; art.&nbsp; 22 og\u00f3lnego rozporz\u0105dzenia o ochronie danych osobowych.<\/span><\/p>\n<p style=\"text-align: justify;\"><span style=\"font-family: verdana, geneva, sans-serif;\"><strong>Inspektorem Ochrony Danych w Zespole Szk\u00f3\u0142 w Horodle jest Pani Ewa Blacharz, adres e-mail: sphorodlo@interia.pl.<\/strong><\/span><\/p>\n<p>&nbsp;<\/p>\n<p style=\"text-align: justify;\">&nbsp;<\/p>\n","protected":false},"excerpt":{"rendered":"<p>KLAUZULA INFORMACYJNA Na&nbsp; podstawie&nbsp; art.&nbsp; 13&nbsp; Rozporz\u0105dzenia Parlamentu Europejskiego i Rady (UE) 2016\/679 z&nbsp; dnia&nbsp;&nbsp; 27&nbsp;&nbsp; kwietnia &nbsp; 2016&nbsp; r. w &nbsp; sprawie&nbsp;&nbsp; ochrony&nbsp; &nbsp; os\u00f3b&nbsp; fizycznych &nbsp;&nbsp; w &nbsp;&nbsp; zwi\u0105zku &nbsp; z przetwarzaniem danych osobowych i w sprawie swobodnego &hellip; <a href=\"https:\/\/zshorodlo.pl\/?page_id=31989\">Czytaj dalej <span class=\"meta-nav\">&rarr;<\/span><\/a><\/p>\n","protected":false},"author":3,"featured_media":0,"parent":0,"menu_order":9,"comment_status":"closed","ping_status":"closed","template":"","meta":{"ngg_post_thumbnail":0,"footnotes":""},"_links":{"self":[{"href":"https:\/\/zshorodlo.pl\/index.php?rest_route=\/wp\/v2\/pages\/31989"}],"collection":[{"href":"https:\/\/zshorodlo.pl\/index.php?rest_route=\/wp\/v2\/pages"}],"about":[{"href":"https:\/\/zshorodlo.pl\/index.php?rest_route=\/wp\/v2\/types\/page"}],"author":[{"embeddable":true,"href":"https:\/\/zshorodlo.pl\/index.php?rest_route=\/wp\/v2\/users\/3"}],"replies":[{"embeddable":true,"href":"https:\/\/zshorodlo.pl\/index.php?rest_route=%2Fwp%2Fv2%2Fcomments&post=31989"}],"version-history":[{"count":6,"href":"https:\/\/zshorodlo.pl\/index.php?rest_route=\/wp\/v2\/pages\/31989\/revisions"}],"predecessor-version":[{"id":39308,"href":"https:\/\/zshorodlo.pl\/index.php?rest_route=\/wp\/v2\/pages\/31989\/revisions\/39308"}],"wp:attachment":[{"href":"https:\/\/zshorodlo.pl\/index.php?rest_route=%2Fwp%2Fv2%2Fmedia&parent=31989"}],"curies":[{"name":"wp","href":"https:\/\/api.w.org\/{rel}","templated":true}]}}

<p style="text-align: center;"><span style="font-size: 18pt; font-family: verdana, geneva, sans-serif;"><strong>KLAUZULA INFORMACYJNA</strong></span></p>
<p style="text-align: justify;"><span style="font-family: verdana, geneva, sans-serif;">Na&nbsp; podstawie&nbsp; art.&nbsp; 13&nbsp; Rozporządzenia Parlamentu Europejskiego i Rady (UE) 2016/679 z&nbsp; dnia&nbsp;&nbsp; 27&nbsp;&nbsp; kwietnia &nbsp; 2016&nbsp; r. w &nbsp; sprawie&nbsp;&nbsp; ochrony&nbsp; &nbsp; osób&nbsp; fizycznych &nbsp;&nbsp; w &nbsp;&nbsp; związku &nbsp; z przetwarzaniem danych osobowych i w sprawie swobodnego przepływu takich danych oraz uchylenia dyrektywy 95/46/WE (ogólne rozporządzenie o ochronie danych), publ. Dz. Urz. UE L Nr 119, s. 1 informujemy, iż:</span></p>
<ol>
<li style="text-align: justify;"><span style="font-family: verdana, geneva, sans-serif;">Administratorem Pani/Pana danych osobowych jest Zespół Szkół w Horodle, (adres: ul. Piłsudskiego 58, 22-523 Horodło tel. 84&nbsp;651 53 31, adres e-mail: sphorodlo@interia.pl).</span></li>
<li style="text-align: justify;"><span style="font-family: verdana, geneva, sans-serif;">W sprawach z zakresu ochrony danych osobowych mogą Państwo kontaktować się z Inspektorem Ochrony Danych pod adresem e-mail: <a href="mailto:inspektor@cbi24.pl">sphorodlo@interia.pl</a>.</span></li>
<li style="text-align: justify;"><span style="font-family: verdana, geneva, sans-serif;">Dane osobowe będą przetwarzane w celu realizacji obowiązków prawnych ciążących na Administratorze.</span></li>
<li style="text-align: justify;"><span style="font-family: verdana, geneva, sans-serif;">Dane&nbsp; osobowe&nbsp; będą&nbsp; przetwarzane&nbsp; przez okres niezbędny do realizacji ww. celu z uwzględnieniem okresów przechowywania określonych w przepisach odrębnych, w tym przepisów archiwalnych.</span></li>
<li style="text-align: justify;"><span style="font-family: verdana, geneva, sans-serif;">Podstawą prawną przetwarzania danych jest art. 6 ust. 1 lit. c) ww. Rozporządzenia.</span></li>
<li style="text-align: justify;"><span style="font-family: verdana, geneva, sans-serif;">Odbiorcami Pani/Pana danych będą podmioty, które na podstawie zawartych umów przetwarzają dane osobowe w imieniu Administratora.</span></li>
<li><span style="font-family: verdana, geneva, sans-serif;">Osoba, której dane dotyczą ma prawo do:</span></li>
</ol>
<p style="text-align: justify;"><span style="font-family: verdana, geneva, sans-serif;">&nbsp;&#8211; dostępu do treści swoich danych oraz możliwości ich poprawiania, sprostowania, ograniczenia przetwarzania, a także &#8211; w przypadkach przewidzianych prawem &#8211; prawo do usunięcia danych i prawo do wniesienia sprzeciwu wobec przetwarzania Państwa danych.</span><br />
<span style="font-family: verdana, geneva, sans-serif;">&#8211; wniesienia skargi do organu nadzorczego w przypadku gdy przetwarzanie danych odbywa się z naruszeniem przepisów powyższego rozporządzenia tj. Prezesa Ochrony Danych Osobowych, ul. Stawki 2, 00-193 Warszawa.</span></p>
<p style="text-align: justify;"><span style="font-family: verdana, geneva, sans-serif;">Ponadto informujemy, iż w związku z przetwarzaniem Pani/Pana danych osobowych nie podlega Pan/Pani decyzjom, które się opierają wyłącznie na zautomatyzowanym przetwarzaniu,&nbsp; w&nbsp; tym&nbsp; profilowaniu,&nbsp; o&nbsp; czym&nbsp; stanowi&nbsp; art.&nbsp; 22 ogólnego rozporządzenia o ochronie danych osobowych.</span></p>
<p style="text-align: justify;"><span style="font-family: verdana, geneva, sans-serif;"><strong>Inspektorem Ochrony Danych w Zespole Szkół w Horodle jest Pani Ewa Blacharz, adres e-mail: sphorodlo@interia.pl.</strong></span></p>
<p>&nbsp;</p>
<p style="text-align: justify;">&nbsp;</p>

<p>KLAUZULA INFORMACYJNA Na&nbsp; podstawie&nbsp; art.&nbsp; 13&nbsp; Rozporządzenia Parlamentu Europejskiego i Rady (UE) 2016/679 z&nbsp; dnia&nbsp;&nbsp; 27&nbsp;&nbsp; kwietnia &nbsp; 2016&nbsp; r. w &nbsp; sprawie&nbsp;&nbsp; ochrony&nbsp; &nbsp; osób&nbsp; fizycznych &nbsp;&nbsp; w &nbsp;&nbsp; związku &nbsp; z przetwarzaniem danych osobowych i w sprawie swobodnego &hellip; <a href="https://zshorodlo.pl/?page_id=31989">Czytaj dalej <span class="meta-nav">&rarr;</span></a></p>
