{"id":296,"date":"2013-03-10T17:02:23","date_gmt":"2013-03-10T16:02:23","guid":{"rendered":"http:\/\/zshorodlo.pl\/?page_id=296"},"modified":"2021-03-16T21:06:47","modified_gmt":"2021-03-16T20:06:47","slug":"programy-i-projekty","status":"publish","type":"page","link":"https:\/\/zshorodlo.pl\/?page_id=296","title":{"rendered":"Programy i projekty"},"content":{"rendered":"<p align=\"center\"><span style=\"font-family: verdana, geneva, sans-serif;\">PROJEKT &#8222;LEKCJE Z ZUS&#8221; w Liceum Og\u00f3lnokszta\u0142c\u0105cym&nbsp;<br \/>\nw Horodle w roku szkolnym 2020\/2021<\/span><\/p>\n<div style=\"text-align: justify;\"><span style=\"font-family: verdana, geneva, sans-serif;\">Jest to pierwszy, autorski, projekt ZUSu, kt\u00f3ry powsta\u0142 by budowa\u0107 \u015bwiadomo\u015b\u0107 m\u0142odego pokolenia Polak\u00f3w, w tak wa\u017cnym aspekcie ich przysz\u0142ego \u017cycia, jakim s\u0105 ubezpieczenia spo\u0142eczne. Dzi\u015b, niestety, niewielu m\u0142odych Polak\u00f3w wie, czym s\u0105 ubezpieczenia spo\u0142eczne i czym skutkuje decyzja by wykluczy\u0107 si\u0119 z tych ubezpiecze\u0144.&nbsp;<\/span><\/div>\n<div style=\"text-align: justify;\"><span style=\"font-family: verdana, geneva, sans-serif;\">\u201eLekcje z ZUS\u201d kszta\u0142tuj\u0105 \u015bwiadomo\u015b\u0107 m\u0142odzie\u017cy, ucz\u0105 przy tym by by\u0107 wzajemnie odpowiedzialnym wobec os\u00f3b, kt\u00f3re przynale\u017c\u0105 do innych pokole\u0144(zasady solidaryzmu spo\u0142ecznego), a ponadto daj\u0105 praktyczn\u0105 wiedz\u0119 przysz\u0142ym przedsi\u0119biorcom.<\/span><\/div>\n<div style=\"text-align: justify;\"><span style=\"color: #000000; font-family: verdana, geneva, sans-serif;\">Cykl zaj\u0119\u0107&nbsp;zosta\u0142 przeprowadzony na platformie teams w listopadzie i grudniu 2020 roku dla wszystkich uczni\u00f3w liceum podczas godzin wychowawczych i obejmowa\u0142y nast\u0119puj\u0105ce&nbsp;zagadnienia:&nbsp;<\/span><\/div>\n<div>\n<div>\n<h2><span style=\"font-family: verdana, geneva, sans-serif;\">\u015awiadomy zawsze ubezpieczony<\/span><\/h2>\n<\/div>\n<div>\n<h2><span style=\"font-family: verdana, geneva, sans-serif;\">Co Ci si\u0119 nale\u017cy, kiedy p\u0142acisz sk\u0142adki<\/span><\/h2>\n<\/div>\n<div>\n<h2><span style=\"font-family: verdana, geneva, sans-serif;\">Renty i emerytury<\/span><\/h2>\n<\/div>\n<\/div>\n<div>\n<h2><span style=\"font-family: verdana, geneva, sans-serif;\">E-ZUS, czyli firma pod r\u0119k\u0105<\/span><\/h2>\n<\/div>\n<p align=\"center\">&nbsp;<\/p>\n<p align=\"center\">&nbsp;<\/p>\n<p align=\"center\"><b>\u201eZnajd\u017a w\u0142a\u015bciwe rozwi\u0105zanie\u201d<\/b><\/p>\n<p align=\"center\"><b>Palenie to na\u0142\u00f3g, na kt\u00f3ry jeste\u015bmy najmniej uczuleni. Cho\u0107 nie budzi ju\u017c \u017cadnych w\u0105tpliwo\u015bci, \u017ce jest przyczyn\u0105 wielu powa\u017cnych chor\u00f3b.<\/b><\/p>\n<p align=\"center\"><b>&nbsp;Realizuj\u0105c program chcemy kszta\u0142towa\u0107 postawy zobowi\u0105zuj\u0105ce do&nbsp;niepalenia i&nbsp;odpowiedzialno\u015bci za swoje zdrowie. Liczymy na pomoc i&nbsp;wsparcie rodzic\u00f3w uczni\u00f3w, bez kt\u00f3rych nasz wysi\u0142ek przyniesie niewielkie efekty.<\/b><\/p>\n<p><b><br \/>\nCEL G\u0141\u00d3WNY PROGRAMU<\/b><\/p>\n<ul>\n<li>Zapobieganie paleniu tytoniu w\u015br\u00f3d dzieci i m\u0142odzie\u017cy szkolnej.<\/li>\n<\/ul>\n<p><b>CELE&nbsp; SZCZEG\u00d3\u0141OWE:<\/b><\/p>\n<ul>\n<li>Zwi\u0119kszenie <b>wiedzy <\/b>w zakresie szkodliwo\u015bci dymu.<\/li>\n<li>Zwi\u0119kszenie <b>\u015bwiadomo\u015bci <\/b>na temat zagro\u017ce\u0144 p\u0142yn\u0105cych z czynnego i biernego palenia tytoniu.<\/li>\n<li>Kszta\u0142towanie <b>umiej\u0119tno\u015bci <\/b>dbania o zdrowie w\u0142asne i swoich.<\/li>\n<li>Kszta\u0142towanie <b>postaw <\/b>asertywnych zwi\u0105zanych z unikaniem czynnego i biernego palenia.<\/li>\n<\/ul>\n<p><b>Program realizowany jest podczas zaj\u0119\u0107 warsztatowych z uczniami wed\u0142ug nast\u0119puj\u0105cych temat\u00f3w, w okresie od lutego do maja 2012 roku:<\/b><\/p>\n<p>Zaj\u0119cia 1. Poznajmy si\u0119 bli\u017cej<\/p>\n<p>Zaj\u0119cia 2. Laboratorium cia\u0142a<\/p>\n<p>Zaj\u0119cia 3. Naucz si\u0119 m\u00f3wi\u0107 \u201enie\u201d<\/p>\n<p>Zaj\u0119cia 4. Znajd\u017a w\u0142a\u015bciwe rozwi\u0105zanie<\/p>\n<p>Zaj\u0119cia 5. Uwierz w siebie<\/p>\n<p><b>Efektami realizacji programu w szkole b\u0119dzie:<\/b><\/p>\n<p>I. Przyswojenie wiedzy o tym, \u017ce:<\/p>\n<p>\u2022 nikotyna wyst\u0119puj\u0105ca we wszystkich postaciach tytoniu jest narkotykiem,<\/p>\n<p>\u2022 palenie tytoniu poci\u0105ga za sob\u0105 zar\u00f3wno przej\u015bciowe, jak i d\u0142ugofalowe skutki,<\/p>\n<p>\u2022 oddychanie powietrzem zawieraj\u0105cym dym tytoniowy jest niebezpieczne dla zdrowia,<\/p>\n<p>\u2022 zaprzestanie palenia przynosi korzy\u015bci natychmiastowe oraz korzy\u015bci w przysz\u0142o\u015bci,<\/p>\n<p>\u2022 wp\u0142yw na decyzj\u0119 o podj\u0119ciu palenia maj\u0105 przekonania osobiste oraz rodzina, r\u00f3wie\u015bnicy<\/p>\n<p>i \u015brodki masowego przekazu,<\/p>\n<p>\u2022 wi\u0119kszo\u015b\u0107 dzieci, m\u0142odzie\u017cy i doros\u0142ych nie pali,<\/p>\n<p>\u2022 reklamy papieros\u00f3w na ca\u0142ym \u015bwiecie s\u0105 cz\u0119sto ukierunkowane na dzieci i m\u0142odzie\u017c,<\/p>\n<p>\u2022 dzieci i m\u0142odzie\u017c mog\u0105 skutecznie oprze\u0107 si\u0119 presji palenia,<\/p>\n<p>\u2022 sprzeda\u017c i palenie papieros\u00f3w podlega przepisom prawa i normom spo\u0142ecznym.<\/p>\n<p>II. Kszta\u0142towanie postaw:<\/p>\n<p>\u2022 zobowi\u0105zuj\u0105cych do niepalenia,<\/p>\n<p>\u2022 dumy z faktu niepalenia,<\/p>\n<p>\u2022 wspierania innych os\u00f3b w decyzji nie podejmowania palenia,<\/p>\n<p>\u2022 odpowiedzialno\u015bci za w\u0142asne zdrowie.<\/p>\n<p>III. Rozwini\u0119cie umiej\u0119tno\u015bci do:<\/p>\n<p>\u2022 przekazywania wiedzy i wyja\u015bniania w\u0142asnych postaw wobec palenia tytoniu,<\/p>\n<p>\u2022 przeciwstawiania si\u0119 paleniu tytoniu,<\/p>\n<p>\u2022 okre\u015blania korzy\u015bci przebywania w \u015brodowisku wolnym od dymu tytoniowego,<\/p>\n<p>\u2022 wspierania ludzi pal\u0105cych, kt\u00f3rzy pragn\u0105 zerwa\u0107 z na\u0142ogiem.<\/p>\n<p>Koordynator projektu:<\/p>\n<p>Iwona S\u0142upska<\/p>\n<p>Opiekun projektu:<\/p>\n<p>Anna Turewicz<\/p>\n","protected":false},"excerpt":{"rendered":"<p>PROJEKT &#8222;LEKCJE Z ZUS&#8221; w Liceum Og\u00f3lnokszta\u0142c\u0105cym&nbsp; w Horodle w roku szkolnym 2020\/2021 Jest to pierwszy, autorski, projekt ZUSu, kt\u00f3ry powsta\u0142 by budowa\u0107 \u015bwiadomo\u015b\u0107 m\u0142odego pokolenia Polak\u00f3w, w tak wa\u017cnym aspekcie ich przysz\u0142ego \u017cycia, jakim s\u0105 ubezpieczenia spo\u0142eczne. Dzi\u015b, niestety, &hellip; <a href=\"https:\/\/zshorodlo.pl\/?page_id=296\">Czytaj dalej <span class=\"meta-nav\">&rarr;<\/span><\/a><\/p>\n","protected":false},"author":3,"featured_media":0,"parent":49,"menu_order":2,"comment_status":"closed","ping_status":"open","template":"","meta":{"ngg_post_thumbnail":0,"footnotes":""},"_links":{"self":[{"href":"https:\/\/zshorodlo.pl\/index.php?rest_route=\/wp\/v2\/pages\/296"}],"collection":[{"href":"https:\/\/zshorodlo.pl\/index.php?rest_route=\/wp\/v2\/pages"}],"about":[{"href":"https:\/\/zshorodlo.pl\/index.php?rest_route=\/wp\/v2\/types\/page"}],"author":[{"embeddable":true,"href":"https:\/\/zshorodlo.pl\/index.php?rest_route=\/wp\/v2\/users\/3"}],"replies":[{"embeddable":true,"href":"https:\/\/zshorodlo.pl\/index.php?rest_route=%2Fwp%2Fv2%2Fcomments&post=296"}],"version-history":[{"count":5,"href":"https:\/\/zshorodlo.pl\/index.php?rest_route=\/wp\/v2\/pages\/296\/revisions"}],"predecessor-version":[{"id":35112,"href":"https:\/\/zshorodlo.pl\/index.php?rest_route=\/wp\/v2\/pages\/296\/revisions\/35112"}],"up":[{"embeddable":true,"href":"https:\/\/zshorodlo.pl\/index.php?rest_route=\/wp\/v2\/pages\/49"}],"wp:attachment":[{"href":"https:\/\/zshorodlo.pl\/index.php?rest_route=%2Fwp%2Fv2%2Fmedia&parent=296"}],"curies":[{"name":"wp","href":"https:\/\/api.w.org\/{rel}","templated":true}]}}

<p align="center"><span style="font-family: verdana, geneva, sans-serif;">PROJEKT &#8222;LEKCJE Z ZUS&#8221; w Liceum Ogólnokształcącym&nbsp;<br />
w Horodle w roku szkolnym 2020/2021</span></p>
<div style="text-align: justify;"><span style="font-family: verdana, geneva, sans-serif;">Jest to pierwszy, autorski, projekt ZUSu, który powstał by budować świadomość młodego pokolenia Polaków, w tak ważnym aspekcie ich przyszłego życia, jakim są ubezpieczenia społeczne. Dziś, niestety, niewielu młodych Polaków wie, czym są ubezpieczenia społeczne i czym skutkuje decyzja by wykluczyć się z tych ubezpieczeń.&nbsp;</span></div>
<div style="text-align: justify;"><span style="font-family: verdana, geneva, sans-serif;">„Lekcje z ZUS” kształtują świadomość młodzieży, uczą przy tym by być wzajemnie odpowiedzialnym wobec osób, które przynależą do innych pokoleń(zasady solidaryzmu społecznego), a ponadto dają praktyczną wiedzę przyszłym przedsiębiorcom.</span></div>
<div style="text-align: justify;"><span style="color: #000000; font-family: verdana, geneva, sans-serif;">Cykl zajęć&nbsp;został przeprowadzony na platformie teams w listopadzie i grudniu 2020 roku dla wszystkich uczniów liceum podczas godzin wychowawczych i obejmowały następujące&nbsp;zagadnienia:&nbsp;</span></div>
<div>
<div>
<h2><span style="font-family: verdana, geneva, sans-serif;">Świadomy zawsze ubezpieczony</span></h2>
</div>
<div>
<h2><span style="font-family: verdana, geneva, sans-serif;">Co Ci się należy, kiedy płacisz składki</span></h2>
</div>
<div>
<h2><span style="font-family: verdana, geneva, sans-serif;">Renty i emerytury</span></h2>
</div>
</div>
<div>
<h2><span style="font-family: verdana, geneva, sans-serif;">E-ZUS, czyli firma pod ręką</span></h2>
</div>
<p align="center">&nbsp;</p>
<p align="center">&nbsp;</p>
<p align="center"><b>„Znajdź właściwe rozwiązanie”</b></p>
<p align="center"><b>Palenie to nałóg, na który jesteśmy najmniej uczuleni. Choć nie budzi już żadnych wątpliwości, że jest przyczyną wielu poważnych chorób.</b></p>
<p align="center"><b>&nbsp;Realizując program chcemy kształtować postawy zobowiązujące do&nbsp;niepalenia i&nbsp;odpowiedzialności za swoje zdrowie. Liczymy na pomoc i&nbsp;wsparcie rodziców uczniów, bez których nasz wysiłek przyniesie niewielkie efekty.</b></p>
<p><b><br />
CEL GŁÓWNY PROGRAMU</b></p>
<ul>
<li>Zapobieganie paleniu tytoniu wśród dzieci i młodzieży szkolnej.</li>
</ul>
<p><b>CELE&nbsp; SZCZEGÓŁOWE:</b></p>
<ul>
<li>Zwiększenie <b>wiedzy </b>w zakresie szkodliwości dymu.</li>
<li>Zwiększenie <b>świadomości </b>na temat zagrożeń płynących z czynnego i biernego palenia tytoniu.</li>
<li>Kształtowanie <b>umiejętności </b>dbania o zdrowie własne i swoich.</li>
<li>Kształtowanie <b>postaw </b>asertywnych związanych z unikaniem czynnego i biernego palenia.</li>
</ul>
<p><b>Program realizowany jest podczas zajęć warsztatowych z uczniami według następujących tematów, w okresie od lutego do maja 2012 roku:</b></p>
<p>Zajęcia 1. Poznajmy się bliżej</p>
<p>Zajęcia 2. Laboratorium ciała</p>
<p>Zajęcia 3. Naucz się mówić „nie”</p>
<p>Zajęcia 4. Znajdź właściwe rozwiązanie</p>
<p>Zajęcia 5. Uwierz w siebie</p>
<p><b>Efektami realizacji programu w szkole będzie:</b></p>
<p>I. Przyswojenie wiedzy o tym, że:</p>
<p>• nikotyna występująca we wszystkich postaciach tytoniu jest narkotykiem,</p>
<p>• palenie tytoniu pociąga za sobą zarówno przejściowe, jak i długofalowe skutki,</p>
<p>• oddychanie powietrzem zawierającym dym tytoniowy jest niebezpieczne dla zdrowia,</p>
<p>• zaprzestanie palenia przynosi korzyści natychmiastowe oraz korzyści w przyszłości,</p>
<p>• wpływ na decyzję o podjęciu palenia mają przekonania osobiste oraz rodzina, rówieśnicy</p>
<p>i środki masowego przekazu,</p>
<p>• większość dzieci, młodzieży i dorosłych nie pali,</p>
<p>• reklamy papierosów na całym świecie są często ukierunkowane na dzieci i młodzież,</p>
<p>• dzieci i młodzież mogą skutecznie oprzeć się presji palenia,</p>
<p>• sprzedaż i palenie papierosów podlega przepisom prawa i normom społecznym.</p>
<p>II. Kształtowanie postaw:</p>
<p>• zobowiązujących do niepalenia,</p>
<p>• dumy z faktu niepalenia,</p>
<p>• wspierania innych osób w decyzji nie podejmowania palenia,</p>
<p>• odpowiedzialności za własne zdrowie.</p>
<p>III. Rozwinięcie umiejętności do:</p>
<p>• przekazywania wiedzy i wyjaśniania własnych postaw wobec palenia tytoniu,</p>
<p>• przeciwstawiania się paleniu tytoniu,</p>
<p>• określania korzyści przebywania w środowisku wolnym od dymu tytoniowego,</p>
<p>• wspierania ludzi palących, którzy pragną zerwać z nałogiem.</p>
<p>Koordynator projektu:</p>
<p>Iwona Słupska</p>
<p>Opiekun projektu:</p>
<p>Anna Turewicz</p>

<p>PROJEKT &#8222;LEKCJE Z ZUS&#8221; w Liceum Ogólnokształcącym&nbsp; w Horodle w roku szkolnym 2020/2021 Jest to pierwszy, autorski, projekt ZUSu, który powstał by budować świadomość młodego pokolenia Polaków, w tak ważnym aspekcie ich przyszłego życia, jakim są ubezpieczenia społeczne. Dziś, niestety, &hellip; <a href="https://zshorodlo.pl/?page_id=296">Czytaj dalej <span class="meta-nav">&rarr;</span></a></p>
